508 divide 793878132?
False
Is 23791968 a multiple of 2466?
True
Does 79 divide 4280299?
True
Is 1251 a factor of 258022503?
True
Does 4125 divide 2841126750?
True
Is 1261 a factor of 51375292?
False
Is 200 a factor of 10208132?
False
Is 636799423 a multiple of 253?
False
Is 263 a factor of 83357?
False
Is 31024296 a multiple of 324?
True
Is 412100 a multiple of 20?
True
Is 66622734 a multiple of 96?
False
Does 7 divide 4267207?
True
Is 889974536 a multiple of 4526?
True
Is 6139550 a multiple of 1165?
True
Does 60 divide 2699384?
False
Does 19 divide 73616025?
False
Does 9 divide 155269539?
True
Is 1775 a factor of 22553150?
True
Is 4024830 a multiple of 2?
True
Does 12 divide 212941998?
False
Is 39199612 a multiple of 1951?
False
Is 19044963 a multiple of 63?
True
Is 16 a factor of 759858698?
False
Is 714355393 a multiple of 525?
False
Is 1490628275 a multiple of 5?
True
Is 3478487760 a multiple of 135?
True
Is 89 a factor of 6727243?
True
Does 13 divide 260027131?
True
Is 1988 a factor of 1345202068?
True
Is 410 a factor of 139626890?
False
Does 237 divide 77444839?
False
Is 2123 a factor of 601244868?
False
Is 3381 a factor of 129427864?
False
Is 208701530 a multiple of 1135?
True
Does 24 divide 203232240?
True
Is 47623379 a multiple of 636?
False
Is 175 a factor of 95954775?
True
Is 948 a factor of 11513460?
True
Is 655 a factor of 20070485?
False
Is 295 a factor of 6021178?
False
Is 71919306 a multiple of 57?
False
Does 25 divide 783870925?
True
Is 760718764 a multiple of 52?
True
Is 988 a factor of 365763528?
True
Is 269844076 a multiple of 2708?
True
Does 88 divide 1286698?
False
Does 140 divide 347715063?
False
Is 757203980 a multiple of 260?
True
Is 735834 a multiple of 6?
True
Does 496 divide 268789198?
False
Does 1170 divide 439150140?
True
Is 793 a factor of 201009640?
True
Is 16378726 a multiple of 13?
True
Is 84993060 a multiple of 4?
True
Is 54 a factor of 118232549?
False
Is 98284350 a multiple of 135?
False
Does 27 divide 314581806?
True
Is 1115296074 a multiple of 387?
True
Does 374 divide 140106812?
False
Does 1365 divide 231811125?
True
Is 2 a factor of 391041?
False
Is 170299500 a multiple of 490?
True
Is 57 a factor of 15307052?
False
Is 58 a factor of 567440680?
True
Is 43620016 a multiple of 22?
True
Does 7 divide 249082345?
False
Is 62301639 a multiple of 65?
False
Does 10 divide 97474668?
False
Does 12 divide 98800699?
False
Is 326 a factor of 1341099126?
True
Does 154 divide 62069700?
True
Is 161170962 a multiple of 1826?
False
Does 5490 divide 492273306?
False
Does 5 divide 516381326?
False
Does 43 divide 13816093?
False
Is 111337879 a multiple of 731?
True
Does 7453 divide 1435097509?
True
Does 38 divide 305317574?
True
Does 11 divide 1523835282?
False
Is 22012976 a multiple of 248?
True
Does 15 divide 716020380?
True
Does 19 divide 6192822?
True
Is 27 a factor of 403716555?
True
Does 428 divide 18421120?
True
Is 259472528 a multiple of 6832?
True
Is 125327846 a multiple of 1116?
False
Is 11 a factor of 1658676?
False
Does 1295 divide 54108803?
False
Is 24601384 a multiple of 8?
True
Is 261037804 a multiple of 133?
False
Is 737814973 a multiple of 7?
True
Is 63 a factor of 7268058?
True
Does 604 divide 889564556?
True
Is 284186556 a multiple of 27?
True
Is 68 a factor of 206154189?
False
Is 43344168 a multiple of 266?
True
Is 66 a factor of 147555197?
False
Does 489 divide 54668422?
False
Is 4719657 even?
False
Is 61102220 a multiple of 1399?
False
Is 4 a factor of 266103673?
False
Is 20505200 a multiple of 32?
False
Is 1520031644 a multiple of 526?
True
Does 2514 divide 298048199?
False
Is 1207 a factor of 285431360?
True
Does 1252 divide 3355853288?
True
Does 6 divide 130197492?
True
Is 77 a factor of 273291118?
False
Is 50 a factor of 51531760?
False
Is 62704696 a multiple of 151?
False
Is 20842503 a multiple of 87?
True
Is 438475516 a multiple of 3169?
True
Is 5 a factor of 19851856?
False
Is 8617422 a multiple of 649?
True
Is 277 a factor of 3515251?
False
Does 55 divide 2225128290?
True
Is 17444427 a multiple of 59?
False
Is 626874200 a multiple of 23?
True
Is 360936877 a multiple of 119?
True
Is 426483598 a multiple of 3113?
False
Does 115 divide 215330255?
True
Does 3330 divide 74990839?
False
Is 773499191 a multiple of 56?
False
Is 2255821012 a multiple of 3448?
False
Does 744 divide 40460952?
True
Is 40647096 a multiple of 1624?
True
Is 7978953 a multiple of 7?
False
Is 1316 a factor of 47214132?
True
Does 22 divide 2159240736?
False
Does 2013 divide 2749253888?
False
Is 225447756 a multiple of 202?
True
Does 3 divide 7881999?
True
Is 29 a factor of 100682896?
True
Is 754 a factor of 151748294?
False
Is 7348155 a multiple of 437?
True
Is 3741201 a multiple of 63?
False
Is 3846620 a multiple of 20?
True
Is 78033316 a multiple of 326?
True
Is 23676005 a multiple of 32?
False
Is 5726251 a multiple of 364?
False
Is 4244713 a multiple of 8?
False
Is 2197 a factor of 79737918?
True
Is 26 a factor of 40077539?
False
Does 3291 divide 178257405?
False
Is 3 a factor of 1153088760?
True
Is 2228 a factor of 50735632?
False
Does 16 divide 44418064?
True
Does 1872 divide 66861616?
False
Is 1958 a factor of 75782402?
False
Does 11 divide 4035084?
False
Is 478360298 a multiple of 13?
True
Is 5060397871 a multiple of 1117?
False
Does 19 divide 263701881?
False
Is 267814219 a multiple of 105?
False
Is 2560745141 a multiple of 375?
False
Does 35 divide 254259565?
True
Is 26216482 a multiple of 1424?
False
Is 415376535 a multiple of 86?
False
Is 22163450 a multiple of 395?
True
Is 20340465 a multiple of 15?
True
Is 20 a factor of 6458943?
False
Is 38 a factor of 449997099?
False
Is 36223258 a multiple of 12?
False
Is 234 a factor of 538751040?
False
Does 356 divide 158320676?
True
Does 4 divide 268403165?
False
Is 473 a factor of 671899811?
True
Is 25 a factor of 41154000?
True
Does 880 divide 634326061?
False
Does 623 divide 1137434097?
False
Is 2449116 a multiple of 11?
False
Does 18387 divide 6750288611?
False
Is 1186293346 a multiple of 4571?
True
Is 24 a factor of 227440248?
True
Is 2153581287 a multiple of 2161?
True
Is 7 a factor of 216905755?
False
Is 24 a factor of 27519528?
True
Is 4 a factor of 18762252?
True
Is 19 a factor of 3178244?
True
Is 168808640 a multiple of 310?
True
Does 483 divide 335595430?
False
Is 18387057 a multiple of 190?
False
Is 1013612402 a multiple of 2662?
True
Does 11 divide 23201629?
True
Is 112 a factor of 50952160?
True
Is 11 a factor of 129782189?
False
Does 3520 divide 233724480?
True
Is 99 a factor of 55388591?
False
Is 16 a factor of 880396832?
True
Is 5190548 a multiple of 253?
True
Is 119 a factor of 7044288?
False
Is 90 a factor of 615283830?
True
Does 19 divide 160469312?
False
Does 6202 divide 945703296?
False
Is 2 a factor of 27347127?
False
Is 2251837 a multiple of 889?
True
Is 270521900 a multiple of 332?
True
Does 12 divide 1604970384?
True
Is 453831491 a multiple of 109?
False
Does 12 divide 77446668?
True
Does 26 divide 288806396?
False
Is 4914601650 a multiple of 678?
True
Is 176 a factor of 63473406?
False
Is 693109 a multiple of 9?
False
Is 186 a factor of 251022469?
False
Does 33 divide 2424106542?
True
Is 12 a factor of 567043940?
False
Is 68180292 a multiple of 38?
False
Is 629089378 a multiple of 202?
False
Does 35 divide 13406995?
True
Does 77 divide 68486570?
False
Is 38611400 a multiple of 100?
True
Is 1392 a factor of 197657040?
True
Is 14 a factor of 336911428?
True
Is 22997918 a multiple of 6?
False
Is 99676760 a multiple of 54?
False
Is 11 a factor of 2802646?
True
Is 4884 a factor of 114450994?
False
Does 18 divide 263387844?
True
Is 662 a factor of 447160478?
True
Does 8 divide 1044699497?
False
Is 35409397 a multiple of 23?
True
Is 58799242 a multiple of 11?
False
Is 32 a factor of 1003627292?
False
Does 170 divide 16283960?
True
Does 11 divide 10467583?
False
Does 431 divide 29744491?
False
Does 648 divide 888561?
False
Is 25600020 a multiple of 786?
True
Does 134 divide 241044232?
False
Is 48 a factor of 27182553?
False
Does 1265 divide 176533682?
False
Is 1694920 a multiple of 4?
True
Does 8 divide 2790008?
True
Is 14 a factor of 4485332669?
False
Is 348 a factor of 1001868843?
False
Is 144252368 a multiple of 382?
True
Does 38 divide 164131748?
Fa